[INFO] cloning repository https://github.com/dvc94ch/rust-ipld
[INFO] running `Command { std: "git" "-c" "credential.helper=" "-c" "credential.helper=/workspace/cargo-home/bin/git-credential-null" "clone" "--bare" "https://github.com/dvc94ch/rust-ipld" "/workspace/cache/git-repos/https%3A%2F%2Fgithub.com%2Fdvc94ch%2Frust-ipld", kill_on_drop: false }`
[INFO] [stderr] Cloning into bare repository '/workspace/cache/git-repos/https%3A%2F%2Fgithub.com%2Fdvc94ch%2Frust-ipld'...
[INFO] running `Command { std: "git" "rev-parse" "HEAD", kill_on_drop: false }`
[INFO] [stdout] 453fd21c056641c129736a15a055f6b53f8b7895
[INFO] checking dvc94ch/rust-ipld against master#af3c6e733a40e671550e0f0f5aeecaa13772ba56 for pr-74989
[INFO] running `Command { std: "git" "clone" "/workspace/cache/git-repos/https%3A%2F%2Fgithub.com%2Fdvc94ch%2Frust-ipld" "/workspace/builds/worker-3/source", kill_on_drop: false }`
[INFO] [stderr] Cloning into '/workspace/builds/worker-3/source'...
[INFO] [stderr] done.
[INFO] validating manifest of git repo https://github.com/dvc94ch/rust-ipld on toolchain af3c6e733a40e671550e0f0f5aeecaa13772ba56
[INFO] running `Command { std: "/workspace/cargo-home/bin/cargo" "+af3c6e733a40e671550e0f0f5aeecaa13772ba56" "read-manifest" "--manifest-path" "Cargo.toml", kill_on_drop: false }`
[INFO] started tweaking git repo https://github.com/dvc94ch/rust-ipld
[INFO] removed workspace from git repo https://github.com/dvc94ch/rust-ipld
[INFO] removed path dependency libipld-cbor from git repo https://github.com/dvc94ch/rust-ipld
[INFO] removed path dependency libipld-cbor-derive from git repo https://github.com/dvc94ch/rust-ipld
[INFO] removed path dependency libipld-core from git repo https://github.com/dvc94ch/rust-ipld
[INFO] removed path dependency libipld-json from git repo https://github.com/dvc94ch/rust-ipld
[INFO] removed path dependency libipld-macro from git repo https://github.com/dvc94ch/rust-ipld
[INFO] removed path dependency libipld-pb from git repo https://github.com/dvc94ch/rust-ipld
[INFO] finished tweaking git repo https://github.com/dvc94ch/rust-ipld
[INFO] tweaked toml for git repo https://github.com/dvc94ch/rust-ipld written to /workspace/builds/worker-3/source/Cargo.toml
[INFO] crate git repo https://github.com/dvc94ch/rust-ipld already has a lockfile, it will not be regenerated
[INFO] running `Command { std: "/workspace/cargo-home/bin/cargo" "+af3c6e733a40e671550e0f0f5aeecaa13772ba56" "fetch" "--locked" "--manifest-path" "Cargo.toml", kill_on_drop: false }`
[INFO] [stderr]     Updating crates.io index
[INFO] [stderr] error: the lock file /workspace/builds/worker-3/source/Cargo.lock needs to be updated but --locked was passed to prevent this
[INFO] [stderr] If you want to try to generate the lock file without accessing the network, use the --offline flag.
[INFO] the lockfile is outdated, regenerating it
[INFO] running `Command { std: "/workspace/cargo-home/bin/cargo" "+af3c6e733a40e671550e0f0f5aeecaa13772ba56" "generate-lockfile" "--manifest-path" "Cargo.toml" "-Zno-index-update", kill_on_drop: false }`
[INFO] running `Command { std: "/workspace/cargo-home/bin/cargo" "+af3c6e733a40e671550e0f0f5aeecaa13772ba56" "fetch" "--locked" "--manifest-path" "Cargo.toml", kill_on_drop: false }`
[INFO] running `Command { std: "docker" "create" "-v" "/var/lib/crater-agent-workspace/builds/worker-3/target:/opt/rustwide/target:rw,Z" "-v" "/var/lib/crater-agent-workspace/builds/worker-3/source:/opt/rustwide/workdir:ro,Z" "-v" "/var/lib/crater-agent-workspace/cargo-home:/opt/rustwide/cargo-home:ro,Z" "-v" "/var/lib/crater-agent-workspace/rustup-home:/opt/rustwide/rustup-home:ro,Z" "-e" "SOURCE_DIR=/opt/rustwide/workdir" "-e" "CARGO_TARGET_DIR=/opt/rustwide/target" "-e" "CARGO_HOME=/opt/rustwide/cargo-home" "-e" "RUSTUP_HOME=/opt/rustwide/rustup-home" "-w" "/opt/rustwide/workdir" "-m" "1610612736" "--user" "0:0" "--network" "none" "rustops/crates-build-env@sha256:d92eaeed33fa75130ca1ee6c8a01d1ffb62bac859dfdfb3450e3e5d1c0146529" "/opt/rustwide/cargo-home/bin/cargo" "+af3c6e733a40e671550e0f0f5aeecaa13772ba56" "metadata" "--no-deps" "--format-version=1", kill_on_drop: false }`
[INFO] [stderr] WARNING: Your kernel does not support swap limit capabilities or the cgroup is not mounted. Memory limited without swap.
[INFO] [stdout] 99daf296a46526136888dd215023bbb885f3f18baf840369daa5fefdc0a199a7
[INFO] running `Command { std: "docker" "start" "-a" "99daf296a46526136888dd215023bbb885f3f18baf840369daa5fefdc0a199a7", kill_on_drop: false }`
[INFO] running `Command { std: "docker" "inspect" "99daf296a46526136888dd215023bbb885f3f18baf840369daa5fefdc0a199a7", kill_on_drop: false }`
[INFO] running `Command { std: "docker" "rm" "-f" "99daf296a46526136888dd215023bbb885f3f18baf840369daa5fefdc0a199a7", kill_on_drop: false }`
[INFO] [stdout] 99daf296a46526136888dd215023bbb885f3f18baf840369daa5fefdc0a199a7
[INFO] running `Command { std: "docker" "create" "-v" "/var/lib/crater-agent-workspace/builds/worker-3/target:/opt/rustwide/target:rw,Z" "-v" "/var/lib/crater-agent-workspace/builds/worker-3/source:/opt/rustwide/workdir:ro,Z" "-v" "/var/lib/crater-agent-workspace/cargo-home:/opt/rustwide/cargo-home:ro,Z" "-v" "/var/lib/crater-agent-workspace/rustup-home:/opt/rustwide/rustup-home:ro,Z" "-e" "SOURCE_DIR=/opt/rustwide/workdir" "-e" "CARGO_TARGET_DIR=/opt/rustwide/target" "-e" "CARGO_INCREMENTAL=0" "-e" "RUST_BACKTRACE=full" "-e" "RUSTFLAGS=--cap-lints=forbid" "-e" "CARGO_HOME=/opt/rustwide/cargo-home" "-e" "RUSTUP_HOME=/opt/rustwide/rustup-home" "-w" "/opt/rustwide/workdir" "-m" "1610612736" "--user" "0:0" "--network" "none" "rustops/crates-build-env@sha256:d92eaeed33fa75130ca1ee6c8a01d1ffb62bac859dfdfb3450e3e5d1c0146529" "/opt/rustwide/cargo-home/bin/cargo" "+af3c6e733a40e671550e0f0f5aeecaa13772ba56" "check" "--frozen" "--all" "--all-targets" "--message-format=json", kill_on_drop: false }`
[INFO] [stderr] WARNING: Your kernel does not support swap limit capabilities or the cgroup is not mounted. Memory limited without swap.
[INFO] [stdout] 18bacfb1ef0ee8f627d46dfc37202f792e49d07187760f93581d747a11c31aec
[INFO] running `Command { std: "docker" "start" "-a" "18bacfb1ef0ee8f627d46dfc37202f792e49d07187760f93581d747a11c31aec", kill_on_drop: false }`
[INFO] [stderr]    Compiling proc-macro2 v1.0.21
[INFO] [stderr]    Compiling syn v1.0.40
[INFO] [stderr]    Compiling autocfg v1.0.1
[INFO] [stderr]    Compiling version_check v0.9.2
[INFO] [stderr]    Compiling serde_derive v1.0.116
[INFO] [stderr]    Compiling getrandom v0.1.15
[INFO] [stderr]    Compiling serde v1.0.116
[INFO] [stderr]    Compiling anyhow v1.0.32
[INFO] [stderr]    Compiling log v0.4.11
[INFO] [stderr]    Compiling crunchy v0.2.2
[INFO] [stderr]     Checking block-padding v0.2.1
[INFO] [stderr]     Checking arrayvec v0.5.1
[INFO] [stderr]    Compiling tiny-keccak v2.0.2
[INFO] [stderr]    Compiling data-encoding v2.3.0
[INFO] [stderr]    Compiling proc-macro-hack v0.5.18
[INFO] [stderr]    Compiling either v1.6.0
[INFO] [stderr]     Checking arrayref v0.3.6
[INFO] [stderr]     Checking constant_time_eq v0.1.5
[INFO] [stderr]     Checking cpuid-bool v0.1.2
[INFO] [stderr]     Checking byte-slice-cast v0.3.5
[INFO] [stderr]     Checking keccak v0.1.0
[INFO] [stderr]     Checking subtle v2.3.0
[INFO] [stderr]    Compiling ppv-lite86 v0.2.9
[INFO] [stderr]     Checking base-x v0.2.6
[INFO] [stderr]     Checking unsigned-varint v0.5.1
[INFO] [stderr]     Checking cache-padded v1.1.1
[INFO] [stderr]    Compiling ryu v1.0.5
[INFO] [stderr]    Compiling maybe-uninit v2.0.0
[INFO] [stderr]    Compiling bytes v0.5.6
[INFO] [stderr]    Compiling hashbrown v0.9.0
[INFO] [stderr]     Checking futures-core v0.3.5
[INFO] [stderr]     Checking fastrand v1.3.5
[INFO] [stderr]     Checking once_cell v1.4.1
[INFO] [stderr]    Compiling serde_json v1.0.57
[INFO] [stderr]     Checking itoa v0.4.6
[INFO] [stderr]    Compiling remove_dir_all v0.5.3
[INFO] [stderr]    Compiling fixedbitset v0.2.0
[INFO] [stderr]     Checking parking v2.0.0
[INFO] [stderr]    Compiling unicode-segmentation v1.6.0
[INFO] [stderr]     Checking waker-fn v1.1.0
[INFO] [stderr]     Checking pin-project-lite v0.1.7
[INFO] [stderr]     Checking futures-io v0.3.5
[INFO] [stderr]     Checking fnv v1.0.7
[INFO] [stderr]    Compiling multimap v0.8.2
[INFO] [stderr]     Checking event-listener v2.4.0
[INFO] [stderr]     Checking async-task v3.0.0
[INFO] [stderr]     Checking bit-vec v0.6.2
[INFO] [stderr]     Checking vec-arena v0.5.2
[INFO] [stderr]     Checking scoped-tls v1.0.0
[INFO] [stderr]     Checking parking v1.0.6
[INFO] [stderr]     Checking atomic-waker v1.0.0
[INFO] [stderr]     Checking pin-utils v0.1.0
[INFO] [stderr]     Checking slab v0.4.2
[INFO] [stderr]     Checking half v1.6.0
[INFO] [stderr]     Checking base64 v0.12.3
[INFO] [stderr]     Checking oorandom v11.1.2
[INFO] [stderr]     Checking permutohedron v0.2.4
[INFO] [stderr]    Compiling itertools v0.8.2
[INFO] [stderr]     Checking concurrent-queue v1.2.2
[INFO] [stderr]    Compiling generic-array v0.14.4
[INFO] [stderr]    Compiling proc-macro-error-attr v1.0.4
[INFO] [stderr]    Compiling proc-macro-error v1.0.4
[INFO] [stderr]    Compiling crossbeam-utils v0.7.2
[INFO] [stderr]    Compiling indexmap v1.6.0
[INFO] [stderr]    Compiling memoffset v0.5.5
[INFO] [stderr]    Compiling num-traits v0.2.12
[INFO] [stderr]    Compiling crossbeam-epoch v0.8.2
[INFO] [stderr]    Compiling rayon v1.4.0
[INFO] [stderr]     Checking blake2b_simd v0.5.10
[INFO] [stderr]     Checking blake2s_simd v0.5.10
[INFO] [stderr]     Checking cached v0.19.0
[INFO] [stderr]     Checking regex v1.3.9
[INFO] [stderr]     Checking async-mutex v1.3.0
[INFO] [stderr]     Checking itertools v0.9.0
[INFO] [stderr]     Checking bit-set v0.5.2
[INFO] [stderr]    Compiling rustc_version v0.2.3
[INFO] [stderr]    Compiling heck v0.3.1
[INFO] [stderr]     Checking async-channel v1.4.2
[INFO] [stderr]     Checking multitask v0.2.0
[INFO] [stderr]     Checking wait-timeout v0.2.0
[INFO] [stderr]     Checking num_cpus v1.13.0
[INFO] [stderr]     Checking socket2 v0.3.15
[INFO] [stderr]     Checking rand v0.5.6
[INFO] [stderr]    Compiling which v3.1.1
[INFO] [stderr]     Checking regex-automata v0.1.9
[INFO] [stderr]     Checking clap v2.33.3
[INFO] [stderr]     Checking futures-lite v0.1.11
[INFO] [stderr]     Checking csv-core v0.1.10
[INFO] [stderr]     Checking polling v0.1.9
[INFO] [stderr]     Checking kv-log-macro v1.0.7
[INFO] [stderr]    Compiling cast v0.2.3
[INFO] [stderr]     Checking rand_core v0.5.1
[INFO] [stderr]    Compiling quote v1.0.7
[INFO] [stderr]    Compiling prost-build v0.6.1
[INFO] [stderr]     Checking strobe-rs v0.5.4
[INFO] [stderr]    Compiling rand_chacha v0.2.2
[INFO] [stderr]     Checking rand_xorshift v0.2.0
[INFO] [stderr]     Checking digest v0.9.0
[INFO] [stderr]     Checking block-buffer v0.9.0
[INFO] [stderr]     Checking crossbeam-channel v0.4.4
[INFO] [stderr]     Checking async-io v0.1.11
[INFO] [stderr]     Checking blocking v0.5.2
[INFO] [stderr]     Checking sha2 v0.9.1
[INFO] [stderr]     Checking sha-1 v0.9.1
[INFO] [stderr]     Checking sha3 v0.9.1
[INFO] [stderr]     Checking criterion-plot v0.4.3
[INFO] [stderr]     Checking rand v0.7.3
[INFO] [stderr]     Checking crossbeam-deque v0.7.3
[INFO] [stderr]    Compiling petgraph v0.5.1
[INFO] [stderr]     Checking async-executor v0.1.2
[INFO] [stderr]     Checking rayon-core v1.8.0
[INFO] [stderr]     Checking plotters v0.2.15
[INFO] [stderr]     Checking tempfile v3.1.0
[INFO] [stderr]     Checking rusty-fork v0.2.2
[INFO] [stderr]     Checking rusty-fork v0.3.0
[INFO] [stderr]     Checking proptest v0.10.1
[INFO] [stderr]     Checking proptest v0.8.7
[INFO] [stderr]    Compiling synstructure v0.12.4
[INFO] [stderr]     Checking model v0.1.2
[INFO] [stderr]    Compiling data-encoding-macro-internal v0.1.8
[INFO] [stderr]    Compiling prost-derive v0.6.1
[INFO] [stderr]    Compiling thiserror-impl v1.0.20
[INFO] [stderr]    Compiling async-attributes v1.1.1
[INFO] [stderr]    Compiling async-trait v0.1.40
[INFO] [stderr]    Compiling libipld-cbor-derive v0.5.0
[INFO] [stderr]     Checking async-std v1.6.3
[INFO] [stderr]     Checking data-encoding-macro v0.1.8
[INFO] [stderr]     Checking multibase v0.8.0
[INFO] [stderr]     Checking thiserror v1.0.20
[INFO] [stderr]    Compiling prost v0.6.1
[INFO] [stderr]    Compiling prost-types v0.6.1
[INFO] [stderr]    Compiling libipld-pb v0.5.0
[INFO] [stderr]     Checking bstr v0.2.13
[INFO] [stderr]     Checking serde_cbor v0.11.1
[INFO] [stderr]     Checking csv v1.1.3
[INFO] [stderr]    Compiling toml v0.5.6
[INFO] [stderr]     Checking tinytemplate v1.1.0
[INFO] [stderr]     Checking criterion v0.3.3
[INFO] [stderr]    Compiling proc-macro-crate v0.1.5
[INFO] [stderr]    Compiling parity-scale-codec-derive v1.2.2
[INFO] [stderr]    Compiling tiny-multihash-derive v0.4.0
[INFO] [stderr]     Checking parity-scale-codec v1.3.5
[INFO] [stderr]     Checking tiny-multihash v0.4.5
[INFO] [stderr]     Checking tiny-cid v0.2.5
[INFO] [stderr]     Checking libipld-core v0.5.0
[INFO] [stderr]     Checking libipld-macro v0.5.0
[INFO] [stderr]     Checking libipld-cbor v0.5.0
[INFO] [stderr]     Checking libipld-json v0.5.0
[INFO] [stderr]     Checking libipld v0.5.1 (/opt/rustwide/workdir)
[INFO] [stdout] error[E0432]: unresolved import `libipld::block::create_raw_block`
[INFO] [stdout]  --> benches/store.rs:4:5
[INFO] [stdout]   |
[INFO] [stdout] 4 | use libipld::block::create_raw_block;
[INFO] [stdout]   |     ^^^^^^^^^^^^^^^^^^^^^^^^^^^^^^^^ no `create_raw_block` in `block`
[INFO] [stdout] 
[INFO] [stdout] 
[INFO] [stdout] error[E0432]: unresolved imports `libipld::store::BufStore`, `libipld::store::MemStore`
[INFO] [stdout]  --> benches/store.rs:6:22
[INFO] [stdout]   |
[INFO] [stdout] 6 | use libipld::store::{BufStore, MemStore, Store};
[INFO] [stdout]   |                      ^^^^^^^^  ^^^^^^^^ no `MemStore` in `store`
[INFO] [stdout]   |                      |
[INFO] [stdout]   |                      no `BufStore` in `store`
[INFO] [stdout] 
[INFO] [stdout] 
[INFO] [stdout] error[E0432]: unresolved import `libipld::DefaultHash`
[INFO] [stdout]  --> benches/store.rs:7:20
[INFO] [stdout]   |
[INFO] [stdout] 7 | use libipld::{Cid, DefaultHash as H};
[INFO] [stdout]   |                    ^^^^^^^^^^^^^^^^ no `DefaultHash` in the root
[INFO] [stdout] 
[INFO] [stdout] 
[INFO] [stdout] error[E0407]: method `read` is not a member of trait `Store`
[INFO] [stdout]   --> benches/store.rs:26:5
[INFO] [stdout]    |
[INFO] [stdout] 26 | /     async fn read(&self, cid: &Cid) -> Result<Option<Box<[u8]>>> {
[INFO] [stdout] 27 | |         sleep(Duration::from_millis(1)).await;
[INFO] [stdout] 28 | |         self.0.read(cid).await
[INFO] [stdout] 29 | |     }
[INFO] [stdout]    | |_____^ not a member of trait `Store`
[INFO] [stdout] 
[INFO] [stdout] 
[INFO] [stdout] error[E0407]: method `write` is not a member of trait `Store`
[INFO] [stdout]   --> benches/store.rs:31:5
[INFO] [stdout]    |
[INFO] [stdout] 31 | /     async fn write(&self, cid: &Cid, data: Box<[u8]>) -> Result<()> {
[INFO] [stdout] 32 | |         sleep(Duration::from_millis(1)).await;
[INFO] [stdout] 33 | |         self.0.write(cid, data).await
[INFO] [stdout] 34 | |     }
[INFO] [stdout]    | |_____^ not a member of trait `Store`
[INFO] [stdout] 
[INFO] [stdout] 
[INFO] [stdout] error[E0407]: method `gc` is not a member of trait `Store`
[INFO] [stdout]   --> benches/store.rs:41:5
[INFO] [stdout]    |
[INFO] [stdout] 41 | /     async fn gc(&self) -> Result<()> {
[INFO] [stdout] 42 | |         sleep(Duration::from_millis(1)).await;
[INFO] [stdout] 43 | |         self.0.gc().await
[INFO] [stdout] 44 | |     }
[INFO] [stdout]    | |_____^ not a member of trait `Store`
[INFO] [stdout] 
[INFO] [stdout] 
[INFO] [stdout] error[E0407]: method `pin` is not a member of trait `Store`
[INFO] [stdout]   --> benches/store.rs:46:5
[INFO] [stdout]    |
[INFO] [stdout] 46 | /     async fn pin(&self, cid: &Cid) -> Result<()> {
[INFO] [stdout] 47 | |         sleep(Duration::from_millis(1)).await;
[INFO] [stdout] 48 | |         self.0.pin(cid).await
[INFO] [stdout] 49 | |     }
[INFO] [stdout]    | |_____^ not a member of trait `Store`
[INFO] [stdout] 
[INFO] [stdout] 
[INFO] [stdout] error[E0407]: method `autopin` is not a member of trait `Store`
[INFO] [stdout]   --> benches/store.rs:56:5
[INFO] [stdout]    |
[INFO] [stdout] 56 | /     async fn autopin(&self, cid: &Cid, auto_path: &Path) -> Result<()> {
[INFO] [stdout] 57 | |         sleep(Duration::from_millis(1)).await;
[INFO] [stdout] 58 | |         self.0.autopin(cid, auto_path).await
[INFO] [stdout] 59 | |     }
[INFO] [stdout]    | |_____^ not a member of trait `Store`
[INFO] [stdout] 
[INFO] [stdout] 
[INFO] [stdout] error[E0407]: method `write_link` is not a member of trait `Store`
[INFO] [stdout]   --> benches/store.rs:61:5
[INFO] [stdout]    |
[INFO] [stdout] 61 | /     async fn write_link(&self, label: &str, cid: &Cid) -> Result<()> {
[INFO] [stdout] 62 | |         sleep(Duration::from_millis(1)).await;
[INFO] [stdout] 63 | |         self.0.write_link(label, cid).await
[INFO] [stdout] 64 | |     }
[INFO] [stdout]    | |_____^ not a member of trait `Store`
[INFO] [stdout] 
[INFO] [stdout] 
[INFO] [stdout] error[E0407]: method `read_link` is not a member of trait `Store`
[INFO] [stdout]   --> benches/store.rs:66:5
[INFO] [stdout]    |
[INFO] [stdout] 66 | /     async fn read_link(&self, label: &str) -> Result<Option<Cid>> {
[INFO] [stdout] 67 | |         sleep(Duration::from_millis(1)).await;
[INFO] [stdout] 68 | |         self.0.read_link(label).await
[INFO] [stdout] 69 | |     }
[INFO] [stdout]    | |_____^ not a member of trait `Store`
[INFO] [stdout] 
[INFO] [stdout] 
[INFO] [stdout] error[E0407]: method `remove_link` is not a member of trait `Store`
[INFO] [stdout]   --> benches/store.rs:71:5
[INFO] [stdout]    |
[INFO] [stdout] 71 | /     async fn remove_link(&self, label: &str) -> Result<()> {
[INFO] [stdout] 72 | |         sleep(Duration::from_millis(1)).await;
[INFO] [stdout] 73 | |         self.0.remove_link(label).await
[INFO] [stdout] 74 | |     }
[INFO] [stdout]    | |_____^ not a member of trait `Store`
[INFO] [stdout] 
[INFO] [stdout] 
[INFO] [stdout] error[E0599]: no function or associated item named `random` found for struct `Cid` in the current scope
[INFO] [stdout]   --> benches/codec.rs:14:24
[INFO] [stdout]    |
[INFO] [stdout] 14 |           "link": Cid::random(),
[INFO] [stdout]    |                        ^^^^^^ function or associated item not found in `Cid`
[INFO] [stdout] 
[INFO] [stdout] 
[INFO] [stdout] error[E0191]: the value of the associated type `Params` (from trait `Store`) must be specified
[INFO] [stdout]   --> benches/store.rs:77:43
[INFO] [stdout]    |
[INFO] [stdout] 77 | type StoreSetup = Box<dyn Fn() -> Box<dyn Store>>;
[INFO] [stdout]    |                                           ^^^^^ help: specify the associated type: `Store<Params = Type>`
[INFO] [stdout] 
[INFO] [stdout] 
[INFO] [stdout] error[E0061]: this function takes 2 arguments but 1 argument was supplied
[INFO] [stdout]   --> benches/codec.rs:18:29
[INFO] [stdout]    |
[INFO] [stdout] 18 |                 let bytes = DagCborCodec::encode(&ipld).unwrap();
[INFO] [stdout]    |                             ^^^^^^^^^^^^^^^^^^^^ ----- supplied 1 argument
[INFO] [stdout]    |                             |
[INFO] [stdout]    |                             expected 2 arguments
[INFO] [stdout] 
[INFO] [stdout] 
[INFO] [stdout] error[E0061]: this function takes 2 arguments but 1 argument was supplied
[INFO] [stdout]   --> benches/codec.rs:19:29
[INFO] [stdout]    |
[INFO] [stdout] 19 |                 let ipld2 = DagCborCodec::decode(&bytes).unwrap();
[INFO] [stdout]    |                             ^^^^^^^^^^^^^^^^^^^^ ------ supplied 1 argument
[INFO] [stdout]    |                             |
[INFO] [stdout]    |                             expected 2 arguments
[INFO] [stdout] 
[INFO] [stdout] 
[INFO] [stdout] error: aborting due to 12 previous errors
[INFO] [stdout] 
[INFO] [stdout] 
[INFO] [stdout] Some errors have detailed explanations: E0191, E0407, E0432.
[INFO] [stdout] 
[INFO] [stdout] For more information about an error, try `rustc --explain E0191`.
[INFO] [stdout] 
[INFO] [stderr] error: could not compile `libipld`.
[INFO] [stderr] 
[INFO] [stderr] To learn more, run the command again with --verbose.
[INFO] [stderr] warning: build failed, waiting for other jobs to finish...
[INFO] [stdout] error: aborting due to 3 previous errors
[INFO] [stdout] 
[INFO] [stdout] 
[INFO] [stdout] Some errors have detailed explanations: E0061, E0599.
[INFO] [stdout] 
[INFO] [stdout] For more information about an error, try `rustc --explain E0061`.
[INFO] [stdout] 
[INFO] [stderr] error: build failed
[INFO] running `Command { std: "docker" "inspect" "18bacfb1ef0ee8f627d46dfc37202f792e49d07187760f93581d747a11c31aec", kill_on_drop: false }`
[INFO] running `Command { std: "docker" "rm" "-f" "18bacfb1ef0ee8f627d46dfc37202f792e49d07187760f93581d747a11c31aec", kill_on_drop: false }`
[INFO] [stdout] 18bacfb1ef0ee8f627d46dfc37202f792e49d07187760f93581d747a11c31aec
